nd v.
5
Let k be 2 + -3 - -1 - -4. Suppose w = c + 6*w - k, -12 = 4*w. Calculate the highest common divisor of 171 and c.
19
Let s(i) = -3*i + 3. Let t be s(-15). Let l = -25 + 16. Let d be (-6)/(-27) - 52/l. Calculate the highest common factor of d and t.
6
Suppose -3*m + 1690 = 4*p, 3*m - 1021 + 179 = -2*p. Calculate the greatest common factor of 265 and p.
53
Suppose -2*j - 5*o + 18 = 0, -2*j + 2*o = -0*j - 4. Suppose 3*k - g = -j*g + 18, 5*g - 21 = 4*k. Calculate the greatest common divisor of 9 and k.
1
Let a = 133 + -22. Let z(r) = -3*r**2 + 27*r - 25. Let j be z(12). Let t = -59 - j. What is the highest common divisor of a and t?
37
Suppose 5*a = -3*v - 113, -2*v - a = -5*a + 46. Suppose 2*c - 82 = 2*n, -3*n - 8 = c - 41. Let s = v + c. Calculate the greatest common divisor of s and 64.
8
Let b be (-7)/2*96/(-84). Let z be b + (-9)/(9/(-28)). Calculate the highest common factor of 32 and z.
32
Let i = -1235 + 1285. What is the greatest common factor of i and 600?
50
Suppose 3*b + 80 = 5*d - 0*d, d + 5*b = 16. What is the highest common factor of 32 and d?
16
Let w = -31 + 63. Let z(m) = -4 + 14 + 0*m**2 - 8 - m - 2*m**2 + 49*m**3. Let j be z(1). Calculate the highest common divisor of j and w.
16
Let n(o) = -11*o - 2. Let j be n(1). Let q be (-80)/j - 12/78. Suppose 3*a = -2*w + 102, 86 = 2*w - 0*w - 5*a. What is the highest common factor of q and w?
6
Suppose -7*x + 6*x - 494 = -2*j, -5*x + 20 = 0. What is the greatest common divisor of j and 3?
3
Suppose -10 = -3*o + 38. Let i = 1 - o. Let t be (-177)/i + (-4)/(-20). What is the highest common divisor of 48 and t?
12
Suppose v = -5*v + 84. Suppose -4*u = 3*z - v, u + 6 = 3*z + z. What is the greatest common factor of 1 and u?
1
Let g be -2*1/(-4)*2. Suppose 0 = -n + 4 - g. Suppose 5*v - 52 = 2*f - 3*f, -5*f - 48 = -n*v. Calculate the highest common factor of 99 and v.
11
Let c(l) = 3*l + 10. Suppose 5*o = -5*t + 10, -o + 17 - 3 = -3*t. Let g be c(t). Calculate the highest common factor of g and 4.
1
Let q be 8/(-6)*(-9)/2. Let j = 14 + q. Suppose 2*c - 3 = -5*o, -2*c - 5*o = -4*c + 13. What is the greatest common factor of c and j?
4
Suppose h - 10 = 6*h, 4*f = -4*h - 20. Let r be (245/(-15) + -5)/(1/f). What is the greatest common divisor of 48 and r?
16
Let f be ((-2)/3)/(10/(-75)). Suppose 4*l - f*a - 543 = 0, -2*a = 5*l - 105 - 549. What is the highest common divisor of 12 and l?
12
Let x = 2833 - 1779. Suppose -4*d - 8 = 0, -4*a + d + x = 6*d. What is the highest common divisor of a and 38?
38
Suppose -3*j = -6*j + 4*x - 2, 5*j + 2*x - 14 = 0. Suppose o + j = 20. What is the greatest common factor of o and 63?
9
Let k = -130 - -151. Suppose 19 = 2*q - k. What is the greatest common factor of 220 and q?
20
Suppose -t + 3*t = 36. Suppose 2*q + t = 4*q. Suppose 12 = -6*l + q*l. Calculate the greatest common factor of 6 and l.
2
Suppose 0 = 5*c - 2286 - 414. Calculate the greatest common factor of 220 and c.
20
Let a(c) = 2*c**3 + 15*c**2 + 10*c - 4. Let u be a(5). What is the highest common divisor of 11 and u?
11
Let t = -389 - -390. Calculate the highest common divisor of t and 32.
1
Suppose 2*q - 20 = -2*i, q - 5*i - 17 = 11. Let g = 11 - 6. Let z be (-2 + 28)/(-3 + g). What is the greatest common divisor of z and q?
13
Suppose 6*u - 3*u - 2 = -2*n, -2*n - 5*u - 2 = 0. Suppose -p + n*s = -87, -3*p + 0*p + 291 = -2*s. What is the highest common divisor of 66 and p?
33
Let l be 1/(-3) + (-531)/27. Let g be -7*4*2*5/l. What is the highest common factor of 7 and g?
7
Let k = 1710 - 1022. What is the greatest common factor of k and 43?
43
Let j = 982 + -696. What is the highest common divisor of 26 and j?
26
Let y(x) = -4*x**3 + 3*x**2 + 3*x + 3. Let b be y(-4). Let n = -2166 + 2284. What is the highest common factor of n and b?
59
Let u(a) = a**2 - 2*a - 5. Let h be -7*(4/(-5) + (-4)/20). Let w be u(h). Let x = 46 - 26. Calculate the greatest common factor of w and x.
10
Let w(a) = 2*a**3 + 2*a**2 + 4*a. Let l be w(3). Suppose -2*q = -5*j + 233, -q + 47 = 3*j - l. Calculate the highest common factor of j and 5.
5
Let f = 225 + -134. Suppose 0 = -b + 26 + f. What is the greatest common divisor of b and 13?
13
Suppose m + v - 53 = -0*m, 2*v = 3*m - 149. Suppose -10*f + 731 = m. Calculate the highest common divisor of f and 51.
17
Let y be (1 - 3)/((-24)/396). Calculate the greatest common divisor of 33 and y.
33
Let k(v) = -2*v - 1. Let o = -7 - -4. Let s be k(o). Suppose -2*n + 5*n + 3*g - 18 = 0, -s*n + 28 = 3*g. Calculate the greatest common divisor of n and 1.
1
Let c be (-30)/(-35)*(8 - 1). Let r = 22 + -16. What is the greatest common factor of r and c?
6
Let s be -5*((-184)/(-20))/(-2). Let g = 6 + s. Suppose -1 = -5*p + g. What is the highest common factor of 30 and p?
6
Let l = 30 - 30. Suppose 2*k + l*k = 558. What is the highest common divisor of k and 31?
31
Suppose 18*i = 862 + 218. Calculate the greatest common factor of 240 and i.
60
Let l be (0 - (-2 + 2))*-1. Suppose l = 3*o - 126 - 21. Let d = 5 + o. Calculate the greatest common factor of 6 and d.
6
Let d be -1 + 1 - (100 + 0). Let i be (0 - -1)/((-4)/d). Suppose 0 = 4*g - m - 145 + 103, -3*g + 38 = -4*m. Calculate the highest common factor of g and i.
5
Suppose -3*p + 0*p + 286 = -d, 5*p = 5*d + 490. Let q = p + -16. What is the highest common factor of 52 and q?
26
Suppose 4*y + 631 = -5*a, -2*y + a = -0*y + 305. Let b = -106 - y. Calculate the greatest common factor of 16 and b.
16
Suppose -3*i - 2*s - 5 = -168, 0 = 2*i + 3*s - 102. Calculate the greatest common factor of 2793 and i.
57
Let o be ((-1)/(-2))/(2/52). Let a(u) be the second derivative of -13*u**3/2 - 7*u. Let l be a(-3). What is the highest common divisor of l and o?
13
Let n = 162 - 159. Suppose -2*q = -x - 152, -n*x - 1 = -7. What is the highest common divisor of 33 and q?
11
Let p be 14/21 + 122/6. Suppose 8*u - 3*u = -5*y + 300, -5*y + 5*u + 330 = 0. Calculate the greatest common divisor of p and y.
21
Suppose 72*j - 370 = 206. Calculate the highest common divisor of j and 292.
4
Let n = -9 + 25. Suppose 36 + n = g - 4*p, 3*g = -5*p + 139. What is the greatest common factor of g and 3?
3
Let t be (-26)/(-4) + (-2)/(-4). Let j be (-808)/(-56) - 3/t. Suppose -447 = -4*m + 1. Calculate the greatest common divisor of m and j.
14
Let l be 1/2 + (11/2 - 2). Suppose -6*g - l = -10*g. Calculate the highest common divisor of 11 and g.
1
Suppose 4*x - 5*w = 68, 2*x - 7*w + 3*w = 34. Suppose 272 = 5*c - 3*c. Suppose -f = 3*f - c. What is the greatest common factor of x and f?
17
Let g be 3 + 46/2*4. Let a = g + -17. Let n be 4/(-12)*-1*a. What is the highest common factor of n and 65?
13
Suppose -29 = 2*c - 25. Let s be ((-376)/(3 - -1))/c. What is the greatest common divisor of 47 and s?
47
Let n be 150 + (-2 - 5) + 1. What is the greatest common divisor of n and 16?
16
Let o(w) = -19*w - 26. Let f be o(-5). What is the highest common divisor of f and 12?
3
Suppose 633 = 6*t - 927. What is the greatest common divisor of t and 20?
20
Suppose 4*t - 100 = x - 4*x, 104 = 3*t - 5*x. Suppose -2*r = -6*r + t. What is the greatest common divisor of 21 and r?
7
Let u(m) = -m**2 - 7*m + 11. Let h(d) = -2*d**2 - 13*d + 23. Let f(w) = -2*h(w) + 5*u(w). Let o be f(-8). Calculate the greatest common divisor of 34 and o.
17
Let r(z) = z**3 - 3*z**2 - 6*z + 3. Let o be r(6). Let k = 17 + -9. Let b be (-3)/(-12) + 238/k. Calculate the highest common divisor of b and o.
15
Let v(s) = s**2 + 28*s + 72. Let x be v(-24). Let c be (-30 - 0)*(88/x + 3). What is the highest common divisor of 80 and c?
20
Suppose -p = 4*w - 339 + 93, 5*p = 2*w - 112. Let y = 107 - w. What is the greatest common divisor of y and 23?
23
Let r be (-6)/8*43/((-2967)/92). Let n = -13 - -29. Calculate the greatest common factor of n and r.
1
Let c be (20/6)/(4/6). Suppose -c*f - 25 - 98 = -3*i, -5*f = 2*i - 82. What is the highest common factor of i and 41?
41
Suppose d + 2*d - 60 = 0. Let t(c) = c + 16. Let a be t(-13). Let y be (32/(-6))/((-2)/a). Calculate the highest common factor of y and d.
4
Let r be (-2)/16 + (-3250)/(-16). What is the greatest common factor of r and 29?
29
Let n = -6 + 34. Let x = n + -19. Let w be x/(-21) - (-72)/21. What is the greatest common factor of w and 30?
3
Suppo